0709 is divided by 767?
0
Calculate the remainder when 8548 is divided by 8533.
15
Calculate the remainder when 288548 is divided by 93.
62
What is the remainder when 786 is divided by 14?
2
What is the remainder when 5189 is divided by 345?
14
Calculate the remainder when 353249 is divided by 188.
185
What is the remainder when 10700 is divided by 41?
40
What is the remainder when 71948 is divided by 23981?
5
Calculate the remainder when 9429 is divided by 209.
24
Calculate the remainder when 825 is divided by 504.
321
Calculate the remainder when 422546 is divided by 7545.
26
Calculate the remainder when 792 is divided by 395.
2
What is the remainder when 10116 is divided by 10088?
28
Calculate the remainder when 10638 is divided by 1772.
6
What is the remainder when 2478 is divided by 156?
138
Calculate the remainder when 1260832 is divided by 49.
13
What is the remainder when 3777 is divided by 620?
57
What is the remainder when 10387 is divided by 5178?
31
What is the remainder when 6681 is divided by 191?
187
Calculate the remainder when 982956 is divided by 140421.
9
Calculate the remainder when 20073 is divided by 32.
9
What is the remainder when 12224 is divided by 386?
258
Calculate the remainder when 6076 is divided by 673.
19
Calculate the remainder when 4067 is divided by 1761.
545
Calculate the remainder when 3687 is divided by 229.
23
What is the remainder when 13462 is divided by 6729?
4
What is the remainder when 1692 is divided by 1456?
236
What is the remainder when 1896 is divided by 60?
36
Calculate the remainder when 11605 is divided by 47.
43
What is the remainder when 4079 is divided by 193?
26
What is the remainder when 12475 is divided by 629?
524
Calculate the remainder when 343991 is divided by 255.
251
What is the remainder when 56597 is divided by 1286?
13
What is the remainder when 14989 is divided by 1152?
13
What is the remainder when 9889 is divided by 20?
9
Calculate the remainder when 844 is divided by 136.
28
What is the remainder when 23132 is divided by 1093?
179
Calculate the remainder when 3164 is divided by 87.
32
Calculate the remainder when 2821 is divided by 569.
545
What is the remainder when 876 is divided by 87?
6
Calculate the remainder when 31751 is divided by 3518.
89
Calculate the remainder when 28359 is divided by 14174.
11
What is the remainder when 50533 is divided by 73?
17
Calculate the remainder when 10456 is divided by 2568.
184
What is the remainder when 1839 is divided by 71?
64
What is the remainder when 42467 is divided by 143?
139
What is the remainder when 4715 is divided by 693?
557
What is the remainder when 1416 is divided by 132?
96
What is the remainder when 22541 is divided by 261?
95
Calculate the remainder when 2244 is divided by 2197.
47
What is the remainder when 1175 is divided by 1048?
127
Calculate the remainder when 167492 is divided by 393.
74
Calculate the remainder when 17615 is divided by 46.
43
What is the remainder when 3678 is divided by 376?
294
What is the remainder when 2976 is divided by 947?
135
Calculate the remainder when 89250 is divided by 8113.
7
Calculate the remainder when 25787 is divided by 8545.
152
What is the remainder when 385711 is divided by 59?
28
Calculate the remainder when 51386 is divided by 97.
73
What is the remainder when 9131 is divided by 1520?
11
Calculate the remainder when 5956921 is divided by 1985639.
4
Calculate the remainder when 5355 is divided by 368.
203
Calculate the remainder when 1017 is divided by 40.
17
What is the remainder when 71454 is divided by 188?
14
Calculate the remainder when 31998 is divided by 4569.
15
Calculate the remainder when 93943 is divided by 46874.
195
Calculate the remainder when 27676 is divided by 18.
10
What is the remainder when 131607 is divided by 205?
202
What is the remainder when 18794 is divided by 9287?
220
What is the remainder when 26136 is divided by 74?
14
Calculate the remainder when 3154 is divided by 2985.
169
What is the remainder when 42972 is divided by 10?
2
What is the remainder when 1998 is divided by 38?
22
Calculate the remainder when 788 is divided by 251.
35
What is the remainder when 317 is divided by 20?
17
Calculate the remainder when 3647 is divided by 51.
26
What is the remainder when 2542 is divided by 197?
178
What is the remainder when 3158156 is divided by 19?
14
What is the remainder when 54746 is divided by 630?
566
What is the remainder when 19578 is divided by 350?
328
Calculate the remainder when 2849 is divided by 2831.
18
Calculate the remainder when 3200 is divided by 89.
85
What is the remainder when 2413 is divided by 187?
169
Calculate the remainder when 3456 is divided by 1441.
574
Calculate the remainder when 9458 is divided by 681.
605
What is the remainder when 36031 is divided by 181?
12
Calculate the remainder when 53960 is divided by 17978.
26
Calculate the remainder when 2021 is divided by 143.
19
Calculate the remainder when 125953 is divided by 297.
25
What is the remainder when 83708 is divided by 48?
44
Calculate the remainder when 67073 is divided by 79.
2
What is the remainder when 23799 is divided by 340?
339
Calculate the remainder when 1272 is divided by 18.
12
Calculate the remainder when 136709 is divided by 245.
244
Calculate the remainder when 94306 is divided by 268.
238
Calculate the remainder when 207356 is divided by 54.
50
Calculate the remainder when 7744 is divided by 3773.
198
Calculate the remainder when 41726 is divided by 37.
27
Calculate the remainder when 785606 is divided by 58.
54
What is the remainder when 1322 is divided by 19?
11
What is the remainder when 156414 is divided by 45?
39
Calculate the remainder when 8933 is divided by 361.
269
Calculate the remainder when 120084 is divided by 153.
132
What is the remainder when 426 is divided by 101?
22
Calculate the remainder when 859 is divided by 265.
64
What is the remainder when 16713 is divided by 22?
15
Calculate the remainder when 28062 is divided by 5584.
142
What is the remainder when 1204 is divided by 21?
7
Calculate the remainder when 25321 is divided by 253.
21
Calculate the remainder when 81894 is divided by 2155.
4
What is the remainder when 1103 is divided by 267?
35
Calculate the remainder when 17071 is divided by 4261.
27
What is the remainder when 25822 is divided by 506?
16
What is the remainder when 97334 is divided by 7?
6
Calculate the remainder when 50360 is divided by 333.
77
Calculate the remainder when 8328 is divided by 7.
5
Calculate the remainder when 3183 is divided by 1503.
177
Calculate the remainder when 374 is divided by 102.
68
What is the remainder when 15256 is divided by 5?
1
Calculate the remainder when 66108 is divided by 13220.
8
What is the remainder when 322447 is divided by 30?
7
What is the remainder when 87351 is divided by 10918?
7
What is the remainder when 10492 is divided by 437?
4
Calculate the remainder when 13513 is divided by 267.
163
Calculate the remainder when 17871 is divided by 2976.
15
Calculate the remainder when 3522 is divided by 298.
244
What is the remainder when 776 is divided by 90?
56
Calculate the remainder when 116222 is divided by 128.
126
Calculate the remainder when 192446 is divided by 553.
2
Calculate the remainder when 780 is divided by 100.
80
Calculate the remainder when 1257 is divided by 38.
3
Calculate the remainder when 3866 is divided by 154.
16
Calculate the remainder when 2457 is divided by 1036.
385
What is the remainder when 9708 is divided by 86?
76
Calculate the remainder when 1461 is divided by 290.
11
Calculate the remainder when 6789 is divided by 484.
13
What is the remainder when 23030 is divided by 53?
28
What is the remainder when 12564 is divided by 56?
20
Calculate the remainder when 18699 is divided by 890.
9
Calculate the remainder when 7380 is divided by 909.
108
Calculate the remainder when 312270 is divided by 471.
468
Calculate the remainder when 2184 is divided by 498.
192
What is the remainder when 17215 is divided by 59?
46
Calculate the remainder when 35152 is divided by 62.
60
Calculate the remainder when 2609 is divided by 795.
224
Calculate the remainder when 5870 is divided by 305.
75
What is the remainder when 297199 is divided by 631?
629
Calc